{"id":96,"date":"2015-05-29T14:15:14","date_gmt":"2015-05-29T14:15:14","guid":{"rendered":"http:\/\/cramers-kotten.de\/?page_id=96"},"modified":"2017-10-11T07:46:21","modified_gmt":"2017-10-11T07:46:21","slug":"ueber-uns","status":"publish","type":"page","link":"http:\/\/cramers-kotten.de\/?page_id=96","title":{"rendered":"\u00dcber uns"},"content":{"rendered":"<p>Aus den ehemaligen Stallungen des Bauernhofes Cramer, entstand im Herbst 2014 eine Begegnungsst\u00e4tte der besonderen Art. Ein stilvolles Ambiente, welches durch Licht und Farbeffekte besondere Akzente setzt.<a href=\"http:\/\/cramers-kotten.de\/wp-content\/uploads\/2015\/05\/IMG-20150526-WA0053.jpg\"><img decoding=\"async\" loading=\"lazy\" class=\"alignnone wp-image-61\" src=\"http:\/\/cramers-kotten.de\/wp-content\/uploads\/2015\/05\/IMG-20150526-WA0053-1024x576.jpg\" alt=\"IMG-20150526-WA0053\" width=\"500\" height=\"281\" srcset=\"http:\/\/cramers-kotten.de\/wp-content\/uploads\/2015\/05\/IMG-20150526-WA0053-1024x576.jpg 1024w, http:\/\/cramers-kotten.de\/wp-content\/uploads\/2015\/05\/IMG-20150526-WA0053-300x169.jpg 300w, http:\/\/cramers-kotten.de\/wp-content\/uploads\/2015\/05\/IMG-20150526-WA0053.jpg 1280w\" sizes=\"(max-width: 500px) 100vw, 500px\" \/><\/a><\/p>\n<p>Der neu gestaltete Innenraum bietet Ihnen Platz f\u00fcr bis zu 100 G\u00e4ste. Unsere R\u00e4ume sind so ausgestattet, dass wir f\u00fcr verschiedenste Veranstaltungen und Feierlichkeiten den f\u00fcr Sie passenden Rahmen bieten.<\/p>\n<p>Ob nun Geburtstagsfeiern, Hochzeiten, Taufen, Kommunion, Klassentreffen oder Weihnachtsfeiern. F\u00fcr all diese Anl\u00e4sse stellen wir mit Ihnen das \u201eBeste Paket\u201c zusammen, damit Sie sich immer gerne an Ihre Feier zur\u00fcckerinnern.<a href=\"http:\/\/cramers-kotten.de\/wp-content\/uploads\/2015\/05\/IMG-20150526-WA0026.jpg\"><img decoding=\"async\" loading=\"lazy\" class=\" wp-image-34 alignright\" src=\"http:\/\/cramers-kotten.de\/wp-content\/uploads\/2015\/05\/IMG-20150526-WA0026-1024x576.jpg\" alt=\"IMG-20150526-WA0026\" width=\"500\" height=\"281\" srcset=\"http:\/\/cramers-kotten.de\/wp-content\/uploads\/2015\/05\/IMG-20150526-WA0026-1024x576.jpg 1024w, http:\/\/cramers-kotten.de\/wp-content\/uploads\/2015\/05\/IMG-20150526-WA0026-300x169.jpg 300w, http:\/\/cramers-kotten.de\/wp-content\/uploads\/2015\/05\/IMG-20150526-WA0026.jpg 1280w\" sizes=\"(max-width: 500px) 100vw, 500px\" \/><\/a><\/p>\n<p>Um Sie bei der Planung Ihrer Feier zu unterst\u00fctzen stehen wir Ihnen mit unseren Partnern in Sachen Catering zur Seite.<\/p>\n<p>Bier:<\/p>\n<p>Bei uns besteht die freie Auswahl an Bieren, da wir nicht an eine bestimmte Brauerei gebunden sind. Somit haben Sie die M\u00f6glichkeit Ihr Lieblingsbier zu Ihrer Feier zu w\u00e4hlen.<\/p>\n<p>Wein:<\/p>\n<p>Eine sorgf\u00e4ltige Auswahl an Spitzenweinen steht ebenfalls zur Verf\u00fcgung. Hierzu beraten wir Sie gerne. So werden\u00a0wir bestimmt den \u201ePassenden Tropfen\u201c f\u00fcr Ihre Feier finden.<\/p>\n<p><a href=\"http:\/\/cramers-kotten.de\/wp-content\/uploads\/2015\/06\/cramer-3.jpeg\"><img decoding=\"async\" loading=\"lazy\" class=\"alignnone size-large wp-image-123\" src=\"http:\/\/cramers-kotten.de\/wp-content\/uploads\/2015\/06\/cramer-3-1024x506.jpeg\" alt=\"cramer 3\" width=\"980\" height=\"484\" srcset=\"http:\/\/cramers-kotten.de\/wp-content\/uploads\/2015\/06\/cramer-3-1024x506.jpeg 1024w, http:\/\/cramers-kotten.de\/wp-content\/uploads\/2015\/06\/cramer-3-300x148.jpeg 300w, http:\/\/cramers-kotten.de\/wp-content\/uploads\/2015\/06\/cramer-3.jpeg 1772w\" sizes=\"(max-width: 980px) 100vw, 980px\" \/><\/a><\/p>\n<p>&nbsp;<\/p>\n<p>Sprechen Sie uns gerne an und lassen Sie sich beraten.<\/p>\n<p><em>Bernd Josef Cramer<\/em><\/p>\n<p><em>B\u00f6nninghauser Stra\u00dfe 60<\/em><\/p>\n<p><em>59590 Geseke<\/em><\/p>\n<p><em>Tel.: 02942\/57116<\/em><\/p>\n<p><em>Mobil.:+49 151 64030870<\/em><\/p>\n<p><em> E-Mail: Cramers-Kotten@t-online.de<\/em><\/p>\n<p>&nbsp;<\/p>\n<p><em>\u00a0<\/em><\/p>\n","protected":false},"excerpt":{"rendered":"<p>Aus den ehemaligen Stallungen des Bauernhofes Cramer, entstand im Herbst 2014 eine Begegnungsst\u00e4tte der besonderen Art. Ein stilvolles Ambiente, welches durch Licht und Farbeffekte besondere Akzente setzt. Der neu gestaltete Innenraum bietet Ihnen Platz f\u00fcr bis zu 100 G\u00e4ste. Unsere R\u00e4ume sind so ausgestattet, dass wir f\u00fcr verschiedenste Veranstaltungen und Feierlichkeiten den f\u00fcr Sie passenden [&hellip;]<\/p>\n","protected":false},"author":1,"featured_media":0,"parent":0,"menu_order":0,"comment_status":"open","ping_status":"open","template":"","meta":[],"_links":{"self":[{"href":"http:\/\/cramers-kotten.de\/index.php?rest_route=\/wp\/v2\/pages\/96"}],"collection":[{"href":"http:\/\/cramers-kotten.de\/index.php?rest_route=\/wp\/v2\/pages"}],"about":[{"href":"http:\/\/cramers-kotten.de\/index.php?rest_route=\/wp\/v2\/types\/page"}],"author":[{"embeddable":true,"href":"http:\/\/cramers-kotten.de\/index.php?rest_route=\/wp\/v2\/users\/1"}],"replies":[{"embeddable":true,"href":"http:\/\/cramers-kotten.de\/index.php?rest_route=%2Fwp%2Fv2%2Fcomments&post=96"}],"version-history":[{"count":20,"href":"http:\/\/cramers-kotten.de\/index.php?rest_route=\/wp\/v2\/pages\/96\/revisions"}],"predecessor-version":[{"id":181,"href":"http:\/\/cramers-kotten.de\/index.php?rest_route=\/wp\/v2\/pages\/96\/revisions\/181"}],"wp:attachment":[{"href":"http:\/\/cramers-kotten.de\/index.php?rest_route=%2Fwp%2Fv2%2Fmedia&parent=96"}],"curies":[{"name":"wp","href":"https:\/\/api.w.org\/{rel}","templated":true}]}}